{"id":51196,"date":"2020-04-04T07:26:47","date_gmt":"2020-04-04T07:26:47","guid":{"rendered":"https:\/\/progress.it\/myprogress\/wp_2018\/?page_id=51196"},"modified":"2020-06-29T12:59:36","modified_gmt":"2020-06-29T12:59:36","slug":"politica-gdpr","status":"publish","type":"page","link":"https:\/\/progress.it\/myprogress\/politica-gdpr\/","title":{"rendered":"Politica sul trattamento dei dati personali"},"content":{"rendered":"<p><strong>BREVE POLITICA PER IL TRATTAMENTO DEI DATI PERSONALI (DISCLOSURE GDPR)<\/strong><\/p>\n<p>Le nostre societ\u00e0 fanno parte del <a href=\"https:\/\/progress.it\/myprogress\/gruppo\/\">Gruppo Progress<\/a> \u00a0e, come \u00e8 evidente dalle pagine di questo sito, sono partner Zucchetti che si occupano, con dedizione, passione e competenza, di vendita, personalizzazione, assistenza e formazione (anche finanziata) sui prodotti software a marchio Zucchetti (gestionali e risorse umane), di messa a disposizione degli stessi in cloud (modalit\u00e0 SaaS), nonch\u00e9 di elaborazione dati e servizi connessi al lavoro.<\/p>\n<p>In materia di dati personali, le nostre societ\u00e0 assumono sempre due ruoli principali (uno da Titolare ed uno da Responsabile).<\/p>\n<p>Agiamo in qualit\u00e0 di Titolare del Trattamento nei confronti dei nostri dipendenti, collaboratori e dei candidati a lavorare con noi, per la gestione dei relativi rapporti. Con le sole finalit\u00e0 amministrative e contrattuali trattiamo anche i dati personali dei referenti dei fornitori e dei fornitori persone fisiche.<\/p>\n<p>Inoltre, trattiamo i dati personali dei referenti dei clienti, in esecuzione del contratto tra le parti, per la gestione delle relazioni commerciali e contrattuali ed infine svolgiamo attivit\u00e0 promozionali e di marketing anche diretto, generalmente via e-mail, rivolte a clienti consolidati o a lead qualificati, allo scopo di comunicare novit\u00e0, miglioramenti, informazioni tecniche rilevanti o invitarli ad eventi specifici.\u00a0 Queste iniziative sono rivolte agli interlocutori istituzionali dei clienti o dei lead, generalmente professionisti (commercialisti e\/o consulenti del lavoro) e responsabili amministrativi o HR in azienda e per questo fondate sul legittimo interesse delle nostre societ\u00e0 di promuovere i propri servizi a specialisti del settore interessati alla materia.<\/p>\n<p>Pi\u00f9 rilevante \u00e8 invece il nostro ruolo come Responsabile del Trattamento (o subresponsabile per conto di Zucchetti o di una societ\u00e0 partner) che ricopriamo nei confronti dei clienti che si avvalgono dei nostri servizi, come descritti in questo sito. Siamo Responsabile del Trattamento per le attivit\u00e0 di installazione, configurazione, personalizzazione, assistenza e formazione, con diversi livelli di responsabilit\u00e0, per le soluzioni on premises e per quelle in SaaS\/PaaS, e come tali ci impegniamo per garantire la sicurezza delle informazioni che gestiamo nello svolgere il nostro mestiere. Siamo inoltre Responsabile del Trattamento per i nostri clienti per le attivit\u00e0 di outsourcing paghe ed elaborazione dati del lavoro.<\/p>\n<p>Come Responsabile, teniamo il Registro dei Trattamenti a disposizione dei nostri clienti, che pu\u00f2 essere sempre\u00a0richiesto al proprio account di riferimento o direttamente alla nostra DPO.<\/p>\n<p>Nei nostri processi, i dati personali sono trattati con la massima cura, nel rispetto della vigente normativa e con precisa attenzione alla sfera privata delle persone, avendo cura di vincolare ed istruire tutto il nostro personale alla riservatezza. Le nostre certificazioni, ed in particolare le ISO 9001 e 27001, confermano e sostengono questo impegno.<\/p>\n<p>Abbiamo fatto e stiamo facendo un lungo lavoro per costruire un sistema di gestione dei dati personali che sia omogeneo, semplice e conforme al dettato normativo del GDPR. Uno dei passi \u00e8 rendere questa Politica a tutti i nostri interlocutori, per esplicitare con chiarezza il nostro ruolo nei confronti di clienti, fornitori e lavoratori.<\/p>\n<p>Per chiarimenti, domande o osservazioni in materia di trattamento di dati personali o in merito al contenuto di questa politica, potete contattare la nostra DPO, Chiara Delaini, a <a href=\"mailto:privacy@gruppoprogress.com\">privacy@gruppoprogress.com<\/a>. Vi risponderemo al pi\u00f9 presto.<\/p>\n\n","protected":false},"excerpt":{"rendered":"<p>BREVE POLITICA PER IL TRATTAMENTO DEI DATI PERSONALI (DISCLOSURE GDPR) Le nostre societ\u00e0 fanno parte del Gruppo Progress \u00a0e, come \u00e8 evidente dalle pagine di questo sito, sono partner Zucchetti che si occupano, con dedizione, passione e competenza, di vendita, personalizzazione, assistenza e formazione (anche finanziata) sui prodotti software a marchio Zucchetti (gestionali e risorse&hellip;<\/p>\n","protected":false},"author":162,"featured_media":0,"parent":0,"menu_order":0,"comment_status":"closed","ping_status":"closed","template":"","meta":[],"yoast_head":"<!-- This site is optimized with the Yoast SEO plugin v19.4 - https:\/\/yoast.com\/wordpress\/plugins\/seo\/ -->\n<title>Politica sul trattamento dei dati personali - Partner Zucchetti Software Gestionali, HR per professionisti ed Aziende - PROGRESS GROUP<\/title>\n<meta name=\"robots\" content=\"index, follow, max-snippet:-1, max-image-preview:large, max-video-preview:-1\" \/>\n<link rel=\"canonical\" href=\"https:\/\/progress.it\/myprogress\/politica-gdpr\/\" \/>\n<meta property=\"og:locale\" content=\"it_IT\" \/>\n<meta property=\"og:type\" content=\"article\" \/>\n<meta property=\"og:title\" content=\"Politica sul trattamento dei dati personali - Partner Zucchetti Software Gestionali, HR per professionisti ed Aziende - PROGRESS GROUP\" \/>\n<meta property=\"og:description\" content=\"BREVE POLITICA PER IL TRATTAMENTO DEI DATI PERSONALI (DISCLOSURE GDPR) Le nostre societ\u00e0 fanno parte del Gruppo Progress \u00a0e, come \u00e8 evidente dalle pagine di questo sito, sono partner Zucchetti che si occupano, con dedizione, passione e competenza, di vendita, personalizzazione, assistenza e formazione (anche finanziata) sui prodotti software a marchio Zucchetti (gestionali e risorse&hellip;\" \/>\n<meta property=\"og:url\" content=\"https:\/\/progress.it\/myprogress\/politica-gdpr\/\" \/>\n<meta property=\"og:site_name\" content=\"Partner Zucchetti Software Gestionali, HR per professionisti ed Aziende - PROGRESS GROUP\" \/>\n<meta property=\"article:publisher\" content=\"https:\/\/www.facebook.com\/Progress-Group-298117453602804\/\" \/>\n<meta property=\"article:modified_time\" content=\"2020-06-29T12:59:36+00:00\" \/>\n<meta name=\"twitter:card\" content=\"summary_large_image\" \/>\n<meta name=\"twitter:label1\" content=\"Tempo di lettura stimato\" \/>\n\t<meta name=\"twitter:data1\" content=\"3 minuti\" \/>\n<script type=\"application\/ld+json\" class=\"yoast-schema-graph\">{\"@context\":\"https:\/\/schema.org\",\"@graph\":[{\"@type\":\"Organization\",\"@id\":\"https:\/\/progress.it\/myprogress\/#organization\",\"name\":\"PROGRESS GROUP SRL\",\"url\":\"https:\/\/progress.it\/myprogress\/\",\"sameAs\":[\"https:\/\/www.linkedin.com\/company\/progress-group-srl\/?viewAsMember=true\",\"https:\/\/www.facebook.com\/Progress-Group-298117453602804\/\"],\"logo\":{\"@type\":\"ImageObject\",\"inLanguage\":\"it-IT\",\"@id\":\"https:\/\/progress.it\/myprogress\/#\/schema\/logo\/image\/\",\"url\":\"https:\/\/progress.it\/myprogress\/wp-content\/uploads\/2019\/01\/logo_progress_new2.png\",\"contentUrl\":\"https:\/\/progress.it\/myprogress\/wp-content\/uploads\/2019\/01\/logo_progress_new2.png\",\"width\":300,\"height\":65,\"caption\":\"PROGRESS GROUP SRL\"},\"image\":{\"@id\":\"https:\/\/progress.it\/myprogress\/#\/schema\/logo\/image\/\"}},{\"@type\":\"WebSite\",\"@id\":\"https:\/\/progress.it\/myprogress\/#website\",\"url\":\"https:\/\/progress.it\/myprogress\/\",\"name\":\"Partner Zucchetti Software Gestionali, HR per professionisti ed Aziende - PROGRESS GROUP\",\"description\":\"Soluzioni Software e servizi innovativi a marchio Zucchetti\",\"publisher\":{\"@id\":\"https:\/\/progress.it\/myprogress\/#organization\"},\"potentialAction\":[{\"@type\":\"SearchAction\",\"target\":{\"@type\":\"EntryPoint\",\"urlTemplate\":\"https:\/\/progress.it\/myprogress\/?s={search_term_string}\"},\"query-input\":\"required name=search_term_string\"}],\"inLanguage\":\"it-IT\"},{\"@type\":\"WebPage\",\"@id\":\"https:\/\/progress.it\/myprogress\/politica-gdpr\/\",\"url\":\"https:\/\/progress.it\/myprogress\/politica-gdpr\/\",\"name\":\"Politica sul trattamento dei dati personali - Partner Zucchetti Software Gestionali, HR per professionisti ed Aziende - PROGRESS GROUP\",\"isPartOf\":{\"@id\":\"https:\/\/progress.it\/myprogress\/#website\"},\"datePublished\":\"2020-04-04T07:26:47+00:00\",\"dateModified\":\"2020-06-29T12:59:36+00:00\",\"breadcrumb\":{\"@id\":\"https:\/\/progress.it\/myprogress\/politica-gdpr\/#breadcrumb\"},\"inLanguage\":\"it-IT\",\"potentialAction\":[{\"@type\":\"ReadAction\",\"target\":[\"https:\/\/progress.it\/myprogress\/politica-gdpr\/\"]}]},{\"@type\":\"BreadcrumbList\",\"@id\":\"https:\/\/progress.it\/myprogress\/politica-gdpr\/#breadcrumb\",\"itemListElement\":[{\"@type\":\"ListItem\",\"position\":1,\"name\":\"Home\",\"item\":\"https:\/\/progress.it\/myprogress\/\"},{\"@type\":\"ListItem\",\"position\":2,\"name\":\"Politica sul trattamento dei dati personali\"}]}]}<\/script>\n<!-- \/ Yoast SEO plugin. -->","yoast_head_json":{"title":"Politica sul trattamento dei dati personali - Partner Zucchetti Software Gestionali, HR per professionisti ed Aziende - PROGRESS GROUP","robots":{"index":"index","follow":"follow","max-snippet":"max-snippet:-1","max-image-preview":"max-image-preview:large","max-video-preview":"max-video-preview:-1"},"canonical":"https:\/\/progress.it\/myprogress\/politica-gdpr\/","og_locale":"it_IT","og_type":"article","og_title":"Politica sul trattamento dei dati personali - Partner Zucchetti Software Gestionali, HR per professionisti ed Aziende - PROGRESS GROUP","og_description":"BREVE POLITICA PER IL TRATTAMENTO DEI DATI PERSONALI (DISCLOSURE GDPR) Le nostre societ\u00e0 fanno parte del Gruppo Progress \u00a0e, come \u00e8 evidente dalle pagine di questo sito, sono partner Zucchetti che si occupano, con dedizione, passione e competenza, di vendita, personalizzazione, assistenza e formazione (anche finanziata) sui prodotti software a marchio Zucchetti (gestionali e risorse&hellip;","og_url":"https:\/\/progress.it\/myprogress\/politica-gdpr\/","og_site_name":"Partner Zucchetti Software Gestionali, HR per professionisti ed Aziende - PROGRESS GROUP","article_publisher":"https:\/\/www.facebook.com\/Progress-Group-298117453602804\/","article_modified_time":"2020-06-29T12:59:36+00:00","twitter_card":"summary_large_image","twitter_misc":{"Tempo di lettura stimato":"3 minuti"},"schema":{"@context":"https:\/\/schema.org","@graph":[{"@type":"Organization","@id":"https:\/\/progress.it\/myprogress\/#organization","name":"PROGRESS GROUP SRL","url":"https:\/\/progress.it\/myprogress\/","sameAs":["https:\/\/www.linkedin.com\/company\/progress-group-srl\/?viewAsMember=true","https:\/\/www.facebook.com\/Progress-Group-298117453602804\/"],"logo":{"@type":"ImageObject","inLanguage":"it-IT","@id":"https:\/\/progress.it\/myprogress\/#\/schema\/logo\/image\/","url":"https:\/\/progress.it\/myprogress\/wp-content\/uploads\/2019\/01\/logo_progress_new2.png","contentUrl":"https:\/\/progress.it\/myprogress\/wp-content\/uploads\/2019\/01\/logo_progress_new2.png","width":300,"height":65,"caption":"PROGRESS GROUP SRL"},"image":{"@id":"https:\/\/progress.it\/myprogress\/#\/schema\/logo\/image\/"}},{"@type":"WebSite","@id":"https:\/\/progress.it\/myprogress\/#website","url":"https:\/\/progress.it\/myprogress\/","name":"Partner Zucchetti Software Gestionali, HR per professionisti ed Aziende - PROGRESS GROUP","description":"Soluzioni Software e servizi innovativi a marchio Zucchetti","publisher":{"@id":"https:\/\/progress.it\/myprogress\/#organization"},"potentialAction":[{"@type":"SearchAction","target":{"@type":"EntryPoint","urlTemplate":"https:\/\/progress.it\/myprogress\/?s={search_term_string}"},"query-input":"required name=search_term_string"}],"inLanguage":"it-IT"},{"@type":"WebPage","@id":"https:\/\/progress.it\/myprogress\/politica-gdpr\/","url":"https:\/\/progress.it\/myprogress\/politica-gdpr\/","name":"Politica sul trattamento dei dati personali - Partner Zucchetti Software Gestionali, HR per professionisti ed Aziende - PROGRESS GROUP","isPartOf":{"@id":"https:\/\/progress.it\/myprogress\/#website"},"datePublished":"2020-04-04T07:26:47+00:00","dateModified":"2020-06-29T12:59:36+00:00","breadcrumb":{"@id":"https:\/\/progress.it\/myprogress\/politica-gdpr\/#breadcrumb"},"inLanguage":"it-IT","potentialAction":[{"@type":"ReadAction","target":["https:\/\/progress.it\/myprogress\/politica-gdpr\/"]}]},{"@type":"BreadcrumbList","@id":"https:\/\/progress.it\/myprogress\/politica-gdpr\/#breadcrumb","itemListElement":[{"@type":"ListItem","position":1,"name":"Home","item":"https:\/\/progress.it\/myprogress\/"},{"@type":"ListItem","position":2,"name":"Politica sul trattamento dei dati personali"}]}]}},"_links":{"self":[{"href":"https:\/\/progress.it\/myprogress\/wp-json\/wp\/v2\/pages\/51196"}],"collection":[{"href":"https:\/\/progress.it\/myprogress\/wp-json\/wp\/v2\/pages"}],"about":[{"href":"https:\/\/progress.it\/myprogress\/wp-json\/wp\/v2\/types\/page"}],"author":[{"embeddable":true,"href":"https:\/\/progress.it\/myprogress\/wp-json\/wp\/v2\/users\/162"}],"replies":[{"embeddable":true,"href":"https:\/\/progress.it\/myprogress\/wp-json\/wp\/v2\/comments?post=51196"}],"version-history":[{"count":5,"href":"https:\/\/progress.it\/myprogress\/wp-json\/wp\/v2\/pages\/51196\/revisions"}],"predecessor-version":[{"id":52407,"href":"https:\/\/progress.it\/myprogress\/wp-json\/wp\/v2\/pages\/51196\/revisions\/52407"}],"wp:attachment":[{"href":"https:\/\/progress.it\/myprogress\/wp-json\/wp\/v2\/media?parent=51196"}],"curies":[{"name":"wp","href":"https:\/\/api.w.org\/{rel}","templated":true}]}}